{"id":18,"date":"2025-12-05T04:57:56","date_gmt":"2025-12-05T03:57:56","guid":{"rendered":"http:\/\/fenixgroup.com.pe\/?page_id=18"},"modified":"2026-04-26T10:40:55","modified_gmt":"2026-04-26T15:40:55","slug":"contacto","status":"publish","type":"page","link":"https:\/\/www.fenixgroup.com.pe\/?page_id=18","title":{"rendered":"Contacto"},"content":{"rendered":"\n<p>Servicio t\u00e9cnico de electrodom\u00e9sticos dom\u00e9stico y comercial<\/p>\n\n\n\n<p>Recuerda que para conservar la garant\u00eda es imprescindible que las reparaciones los realice siempre el servicio t\u00e9cnico oficial, cualquier otra manipulaci\u00f3n implica la p\u00e9rdida de la garant\u00eda.<\/p>\n\n\n\n<p>Puedes llamar a nuestro soporte t\u00e9cnico al tel\u00e9fono 01 407-6363 de lunes a viernes de 9:00 a 13:00h y de 15:00 a 17:30h, y s\u00e1bados de 10:00 a 13:00h o escr\u00edbenos al N\u00famero de WhatsApp 915954737<\/p>\n\n\n\n<p>Enviando al n\u00famero al whatsapp agilizamos su atenci\u00f3n, requerimos su comprobante de compra, DNI del titular, serie del producto para la validaci\u00f3n de la garant\u00eda y la direcci\u00f3n del domicilio \/ubicaci\u00f3n y un t\u00e9cnico estar\u00e1 visit\u00e1ndole en la comodidad de su Hogar.<\/p>\n\n\n\n<p><\/p>\n","protected":false},"excerpt":{"rendered":"<p>Servicio t\u00e9cnico de electrodom\u00e9sticos dom\u00e9stico y comercial Recuerda que para conservar la garant\u00eda es imprescindible que las reparaciones los realice siempre el servicio t\u00e9cnico oficial, cualquier otra manipulaci\u00f3n implica la p\u00e9rdida de la garant\u00eda. Puedes llamar a nuestro soporte t\u00e9cnico al tel\u00e9fono 01 407-6363 de lunes a viernes de 9:00 a 13:00h y de 15:00 &hellip; <\/p>\n<p class=\"link-more\"><a href=\"https:\/\/www.fenixgroup.com.pe\/?page_id=18\" class=\"more-link\">Continuar leyendo<span class=\"screen-reader-text\"> \u00abContacto\u00bb<\/span><\/a><\/p>\n","protected":false},"author":1,"featured_media":120,"parent":0,"menu_order":0,"comment_status":"closed","ping_status":"closed","template":"","meta":{"footnotes":""},"class_list":["post-18","page","type-page","status-publish","has-post-thumbnail","hentry"],"_links":{"self":[{"href":"https:\/\/www.fenixgroup.com.pe\/index.php?rest_route=\/wp\/v2\/pages\/18","targetHints":{"allow":["GET"]}}],"collection":[{"href":"https:\/\/www.fenixgroup.com.pe\/index.php?rest_route=\/wp\/v2\/pages"}],"about":[{"href":"https:\/\/www.fenixgroup.com.pe\/index.php?rest_route=\/wp\/v2\/types\/page"}],"author":[{"embeddable":true,"href":"https:\/\/www.fenixgroup.com.pe\/index.php?rest_route=\/wp\/v2\/users\/1"}],"replies":[{"embeddable":true,"href":"https:\/\/www.fenixgroup.com.pe\/index.php?rest_route=%2Fwp%2Fv2%2Fcomments&post=18"}],"version-history":[{"count":2,"href":"https:\/\/www.fenixgroup.com.pe\/index.php?rest_route=\/wp\/v2\/pages\/18\/revisions"}],"predecessor-version":[{"id":62,"href":"https:\/\/www.fenixgroup.com.pe\/index.php?rest_route=\/wp\/v2\/pages\/18\/revisions\/62"}],"wp:featuredmedia":[{"embeddable":true,"href":"https:\/\/www.fenixgroup.com.pe\/index.php?rest_route=\/wp\/v2\/media\/120"}],"wp:attachment":[{"href":"https:\/\/www.fenixgroup.com.pe\/index.php?rest_route=%2Fwp%2Fv2%2Fmedia&parent=18"}],"curies":[{"name":"wp","href":"https:\/\/api.w.org\/{rel}","templated":true}]}}